{"id":1000,"date":"2018-09-05T06:36:17","date_gmt":"2018-09-05T06:36:17","guid":{"rendered":"http:\/\/pie.cec.es\/?page_id=1000"},"modified":"2019-12-12T12:11:38","modified_gmt":"2019-12-12T11:11:38","slug":"politica-de-cookies","status":"publish","type":"page","link":"https:\/\/pie.cec.es\/index.php\/politica-de-cookies\/","title":{"rendered":"Pol\u00edtica de cookies"},"content":{"rendered":"<div id=\"pl-1000\"  class=\"panel-layout\" ><div id=\"pg-1000-0\"  class=\"panel-grid panel-no-style\" ><div id=\"pgc-1000-0-0\"  class=\"panel-grid-cell\" ><div id=\"panel-1000-0-0-0\" class=\"so-panel widget widget_themegrill_flash_heading tg-widget section-title-wrapper panel-first-child\" data-index=\"0\" >\t<h3 class=\"section-title\">Pol\u00edtica de cookies<\/h3>\n<\/div><div id=\"panel-1000-0-0-1\" class=\"so-panel widget widget_text panel-last-child\" data-index=\"1\" >\t\t\t<div class=\"textwidget\"><p style=\"text-align: justify;\">Una <em>cookie<\/em> es un peque\u00f1o fichero de texto que se almacena en su navegador cuando visita casi cualquier p\u00e1gina web. Su utilidad es que la web sea capaz de recordar su visita cuando vuelva a navegar por esa p\u00e1gina. Las <em>cookies<\/em> suelen almacenar informaci\u00f3n de car\u00e1cter t\u00e9cnico, preferencias personales, personalizaci\u00f3n de contenidos, estad\u00edsticas de uso, enlaces a redes sociales, acceso a cuentas de usuario, etc. El objetivo de la <em>cookie<\/em> es adaptar el contenido de la web a su perfil y necesidades, sin <em>cookies<\/em> los servicios ofrecidos por cualquier p\u00e1gina se ver\u00edan mermados notablemente. Si desea consultar m\u00e1s informaci\u00f3n sobre qu\u00e9 son las <em>cookies<\/em>, qu\u00e9 almacenan, c\u00f3mo eliminarlas, desactivarlas, etc., <a href=\"https:\/\/pie.cec.es\/index.php\/mas-informacion-sobre-las-cookies\/\" target=\"_blank\" rel=\"noopener\">le rogamos se dirija a este enlace<\/a>.<\/p>\n<p style=\"text-align: justify;\"><strong>Cookies utilizadas en este sitio web<\/strong><\/p>\n<p>Siguiendo las directrices de la Agencia Espa\u00f1ola de Protecci\u00f3n de Datos procedemos a detallar el uso de&nbsp;<em>cookies<\/em>&nbsp;que hace esta web con el fin de informarle con la m\u00e1xima exactitud posible.<\/p>\n<p>Este sitio web utiliza las siguientes&nbsp;<strong>cookies propias:<\/strong><\/p>\n<table class=\"table\" style=\"height: 150px;\" width=\"1263\">\n<thead>\n<tr>\n<th>NOMBRE<\/th>\n<th>ORIGEN<\/th>\n<th>DURACI\u00d3N<\/th>\n<th>FUNCI\u00d3N DE LA COOKIE<\/th>\n<\/tr>\n<\/thead>\n<tbody>\n<tr>\n<td data-label=\"Nombre\">wp-settings-1<\/td>\n<td data-label=\"Origen\">WordPress<\/td>\n<td data-label=\"Duracion\">30 minutos<\/td>\n<td data-label=\"Function\">Esta cookie se utiliza para personalizar la Interfaz de Usuario.<\/td>\n<\/tr>\n<tr>\n<td data-label=\"Nombre\">wp-settings-time-1<\/td>\n<td data-label=\"Origen\">WordPress<\/td>\n<td data-label=\"Duracion\">30 minutos<\/td>\n<td data-label=\"Function\">Esta cookie se utiliza para personalizar la Interfaz de Usuario.<\/td>\n<\/tr>\n<tr>\n<td data-label=\"Nombre\">wordpress_logged_in_<\/td>\n<td data-label=\"Origen\">WordPress<\/td>\n<td data-label=\"Duracion\">30 minutos<\/td>\n<td data-label=\"Function\">Esta cookie se utiliza para saber si est\u00e1s autentificado mientras navegas entre las p\u00e1ginas.<\/td>\n<\/tr>\n<tr>\n<td data-label=\"Nombre\">cdp-cookies-plugin-wp<\/td>\n<td data-label=\"Origen\">WordPress<\/td>\n<td data-label=\"Duracion\">1 a\u00f1o<\/td>\n<td data-label=\"Function\">Esta cookie determina si se debe o no mostrar el mensaje de informaci\u00f3n sobre el uso de cookies de la web.<\/td>\n<\/tr>\n<\/tbody>\n<\/table>\n<p>Este sitio web utiliza&nbsp;<strong>cookies de terceros<\/strong>, en concreto de Google Analytics, una herramienta que nos ayuda a medir c\u00f3mo interact\u00faan los usuarios en nuestro portal. Cuando un usuario navega por nuestra p\u00e1gina web, Google Analytics proporciona etiquetas JavaScript (bibliotecas) para registrar la informaci\u00f3n sobre la p\u00e1gina que ha visto; por ejemplo, la URL de la p\u00e1gina. La informaci\u00f3n relativa al uso de este sitio web que genera la cookie se transfiere a un servidor de Google en los EE.UU., donde se almacena. Google utilizar\u00e1 esta informaci\u00f3n para tres prop\u00f3sitos: evaluar el uso del sitio web, compilar informes sobre las actividades del website, y ofrecer otros servicios relacionados con el uso del sitio web e Internet. Al utilizar este sitio web est\u00e1 consintiendo el tratamiento de informaci\u00f3n acerca de usted por Google. Por tanto, el ejercicio de cualquier derecho en este sentido deber\u00e1 hacerlo comunicando directamente con Google.<\/p>\n<p>Las cookies utilizadas por Google Analytics para control estad\u00edstico de accesos son:<\/p>\n<table class=\"table\" style=\"height: 266px;\" width=\"1375\">\n<thead>\n<tr>\n<th>NOMBRE<\/th>\n<th>ORIGEN<\/th>\n<th>DURACI\u00d3N<\/th>\n<th>FUNCI\u00d3N DE LA COOKIE<\/th>\n<\/tr>\n<\/thead>\n<tbody>\n<tr>\n<td data-label=\"Nombre\">-utma<\/td>\n<td data-label=\"Origen\">Google Analytics<\/td>\n<td data-label=\"Duracion\">2 a\u00f1os<\/td>\n<td data-label=\"Function\">Es el identificador de visitantes y guarda informaci\u00f3n relativa a la sesi\u00f3n.<\/td>\n<\/tr>\n<tr>\n<td data-label=\"Nombre\">-utmb<\/td>\n<td data-label=\"Origen\">Google Analytics<\/td>\n<td data-label=\"Duracion\">30 minutos<\/td>\n<td data-label=\"Function\">Se utiliza para conocer el tiempo que pasa el usuario en nuestra p\u00e1gina web y el n\u00famero de p\u00e1ginas que visita.<\/td>\n<\/tr>\n<tr>\n<td data-label=\"Nombre\">-utmc<\/td>\n<td data-label=\"Origen\">Google Analytics<\/td>\n<td data-label=\"Duracion\">Al cerrar navegador<\/td>\n<td data-label=\"Function\">Esta cookie se utiliza de forma conjunta con _utmb para determinar si se establece una nueva sesi\u00f3n para el usuario.<\/td>\n<\/tr>\n<tr>\n<td data-label=\"Nombre\">-utmz<\/td>\n<td data-label=\"Origen\">Google Analytics<\/td>\n<td data-label=\"Duracion\">6 meses<\/td>\n<td data-label=\"Function\">Esta cookie se utiliza para realizar la atribuci\u00f3n de la visita, es decir, desde d\u00f3nde y c\u00f3mo ha llegado el usuario a nuestra web.<\/td>\n<\/tr>\n<tr>\n<td data-label=\"Nombre\">-ga<\/td>\n<td data-label=\"Origen\">Google Analytics<\/td>\n<td data-label=\"Duracion\">2 a\u00f1os<\/td>\n<td data-label=\"Function\">Esta cookie se utiliza para para distinguir a los usuarios.<\/td>\n<\/tr>\n<tr>\n<td data-label=\"Nombre\">-gid<\/td>\n<td data-label=\"Origen\">Google Analytics<\/td>\n<td data-label=\"Duracion\">24 horas<\/td>\n<td data-label=\"Function\">Esta cookie se utiliza para para distinguir a los usuarios.<\/td>\n<\/tr>\n<tr>\n<td data-label=\"Nombre\">-gat<\/td>\n<td data-label=\"Origen\">Google Analytics<\/td>\n<td data-label=\"Duracion\">1 minuto<\/td>\n<td data-label=\"Function\">Esta cookie se utiliza para limitar el porcentaje de solicitudes.<\/td>\n<\/tr>\n<tr>\n<td data-label=\"Nombre\">-gali<\/td>\n<td data-label=\"Origen\">Google Analytics<\/td>\n<td data-label=\"Duracion\">30 segundos<\/td>\n<td data-label=\"Function\">Esta cookie se utiliza para especificar el pa\u00eds del usuario.<\/td>\n<\/tr>\n<\/tbody>\n<\/table>\n<p style=\"text-align: justify;\"><strong>Consentimiento<\/strong><\/p>\n<p style=\"text-align: justify;\">Al navegar y continuar en nuestra p\u00e1gina web consientes del uso de las cookies descritas en las condiciones expresadas.<\/p>\n<p style=\"text-align: justify;\"><strong>Desactivaci\u00f3n o eliminaci\u00f3n de cookies<\/strong><\/p>\n<p style=\"text-align: justify;\">En cualquier momento podr\u00e1 ejercer su derecho de desactivaci\u00f3n o eliminaci\u00f3n de cookies de este sitio web. Estas acciones se realizan de forma diferente en funci\u00f3n del navegador que est\u00e9 usando. <a href=\"https:\/\/pie.cec.es\/index.php\/mas-informacion-sobre-las-cookies\/#navegadores\">Aqu\u00ed le dejamos una gu\u00eda r\u00e1pida para los navegadores m\u00e1s populares<\/a>.<\/p>\n<p style=\"text-align: justify;\"><strong>Notas adicionales<\/strong><\/p>\n<ul>\n<li>La Confederaci\u00f3n de Empresarios de La coru\u00f1a (CEC) no se hace responsable ni del contenido ni de la veracidad de las pol\u00edticas de privacidad que puedan tener los terceros mencionados en esta pol\u00edtica de <em>cookies<\/em>.<\/li>\n<li>Los navegadores web son las herramientas encargadas de almacenar las <em>cookies<\/em> y desde este lugar debe efectuar su derecho a eliminaci\u00f3n o desactivaci\u00f3n de las mismas. La Confederaci\u00f3n de Empresarios de La coru\u00f1a (CEC) no puede garantizar la correcta o incorrecta manipulaci\u00f3n de las <em>cookies<\/em> por parte de los mencionados navegadores.<\/li>\n<li>En algunos casos es necesario instalar <em>cookies<\/em> para que el navegador no olvide su decisi\u00f3n de no aceptaci\u00f3n de las mismas.<\/li>\n<li>En el caso de las <em>cookies<\/em> de Google Analytics, esta empresa almacena las <em>cookies<\/em> en servidores ubicados en Estados Unidos y se compromete a no compartirla con terceros, excepto en los casos en los que sea necesario para el funcionamiento del sistema o cuando la ley obligue a tal efecto. Seg\u00fan Google no guarda su direcci\u00f3n IP. Google Inc. es una compa\u00f1\u00eda adherida al Acuerdo de Puerto Seguro que garantiza que todos los datos transferidos ser\u00e1n tratados con un nivel de protecci\u00f3n acorde a la normativa europea. Puede consultar informaci\u00f3n detallada a este respecto <a href=\"http:\/\/safeharbor.export.gov\/companyinfo.aspx?id=16626\" target=\"_blank\" rel=\"noopener\">en este enlace<\/a>. Si desea informaci\u00f3n sobre el uso que Google da a las cookies <a href=\"https:\/\/developers.google.com\/analytics\/devguides\/collection\/analyticsjs\/cookie-usage?hl=es&amp;csw=1\" target=\"_blank\" rel=\"noopener\">le adjuntamos este otro enlace<\/a>.<\/li>\n<li>Para cualquier duda o consulta acerca de esta pol\u00edtica de <em>cookies<\/em> no dude en comunicarse con nosotros a trav\u00e9s de la secci\u00f3n de contacto.<\/li>\n<\/ul>\n<\/div>\n\t\t<\/div><\/div><\/div><\/div>","protected":false},"excerpt":{"rendered":"<p>Una cookie es un peque\u00f1o fichero de texto que se almacena en su navegador cuando visita casi cualquier p\u00e1gina web. [&hellip;]<\/p>\n","protected":false},"author":1,"featured_media":0,"parent":0,"menu_order":0,"comment_status":"closed","ping_status":"closed","template":"","meta":{"footnotes":""},"class_list":["post-1000","page","type-page","status-publish","hentry"],"_links":{"self":[{"href":"https:\/\/pie.cec.es\/index.php\/wp-json\/wp\/v2\/pages\/1000","targetHints":{"allow":["GET"]}}],"collection":[{"href":"https:\/\/pie.cec.es\/index.php\/wp-json\/wp\/v2\/pages"}],"about":[{"href":"https:\/\/pie.cec.es\/index.php\/wp-json\/wp\/v2\/types\/page"}],"author":[{"embeddable":true,"href":"https:\/\/pie.cec.es\/index.php\/wp-json\/wp\/v2\/users\/1"}],"replies":[{"embeddable":true,"href":"https:\/\/pie.cec.es\/index.php\/wp-json\/wp\/v2\/comments?post=1000"}],"version-history":[{"count":17,"href":"https:\/\/pie.cec.es\/index.php\/wp-json\/wp\/v2\/pages\/1000\/revisions"}],"predecessor-version":[{"id":1003,"href":"https:\/\/pie.cec.es\/index.php\/wp-json\/wp\/v2\/pages\/1000\/revisions\/1003"}],"wp:attachment":[{"href":"https:\/\/pie.cec.es\/index.php\/wp-json\/wp\/v2\/media?parent=1000"}],"curies":[{"name":"wp","href":"https:\/\/api.w.org\/{rel}","templated":true}]}}